62. Is (-5)/30 + f/(-12) a composite number?
False
Let c be 2212/1 + (1 - 2). Let r = -931 + c. Suppose 0 = -5*h + l + r, h + 2*l - 272 = -l. Is h a composite number?
False
Let r = 1291 - 786. Is r a prime number?
False
Let s = -71 - -111. Suppose 4*j - 2*r = 6 + 34, 4*j + 3*r = s. Is j a composite number?
True
Let u(i) = i**2 - 14*i - 27. Is u(-8) a prime number?
True
Let z be 41*4 + (4 - 6). Let c = z + -28. Is c a composite number?
True
Let r(m) = 4*m**3 + 6*m**2 - 4*m + 5. Is r(5) composite?
True
Let d(b) = -23*b**2 + 2*b - 1. Let l be d(1). Let q(o) = -o - 1. Let y be q(0). Is 2 + y + (2 - l) a prime number?
False
Let a(n) = -n + 3. Let o(c) = c**3 - 4*c**2 - 6*c + 3. Let j be o(5). Let x(k) = -2*k + 3. Let d(t) = j*x(t) + 3*a(t). Is d(10) composite?
False
Let s(m) = m**2 + 8*m + 9. Let u be s(-7). Suppose -i + 4 = -u*h, 3*i + 12 = 5*h + 27. Is i a prime number?
False
Let a(u) = 215*u - 2. Is a(1) a prime number?
False
Let i(l) = -146*l - 1. Let a(p) = -439*p - 3. Let o(q) = 4*a(q) - 11*i(q). Let u be (-1)/((-2 - 0)/(-2)). Is o(u) a composite number?
False
Let g = -5 - -8. Suppose -i - g*m = 4*i - 910, -5*m = 25. Is i a prime number?
False
Suppose 12 = 2*l - 52. Let h = -9 + l. Suppose -83 = -2*i + h. Is i composite?
False
Suppose -2*p + 214 = 2*x - 6*p, 0 = -5*x + p + 562. Let s be 1/((-227)/x + 2). Let y = -36 - s. Is y a prime number?
False
Is 1/(-2)*(3 - 1541) a prime number?
True
Let h(o) = -o + 10. Let f be h(6). Suppose -f*a = -2*r + 462, 2*r - 3*a - 454 = -a. Is r composite?
False
Let f(y) = 5*y**3 - 3*y**2 - 9*y - 2. Let p(a) = -4*a**3 + 4*a**2 + 9*a + 3. Let h(x) = 5*f(x) + 6*p(x). Is h(-6) a composite number?
True
Let c(l) = -313*l - 43. Is c(-14) a composite number?
False
Suppose -6*p - 77 = -b - p, 5*p - 117 = -b. Let c = b + -66. Is c prime?
True
Let o be (6/(-4))/(15/740). Let x = 169 + o. Is x a composite number?
True
Let j(s) = 11*s**2 + 12*s + 18. Is j(-7) a prime number?
False
Let x(n) = n**3 + 14*n**2 + 12*n - 10. Is x(-9) prime?
False
Let w(n) = n**3 - 2*n**3 + 0*n**3 - 5. Is w(-6) prime?
True
Suppose 4*q + 5*y - 19877 = 0, 3*y - 7*y - 9906 = -2*q. Is q a prime number?
False
Let d(p) = p**3 + 11*p**2 + 6*p + 3. Let r(x) = -x**2 - 1. Let h(l) = -d(l) - 4*r(l). Let m be h(-6). Let i = m - -9. Is i a composite number?
True
Let i(x) = -418*x + 5. Is i(-2) a composite number?
True
Suppose -20*f + 21*f = 1589. Is f composite?
True
Let l = 913 + -540. Is l a prime number?
True
Is ((-220)/(-8))/(-5)*-26 a prime number?
False
Let d(m) = -25*m + 6. Let g be d(-6). Suppose -2*b = 2*b - 12. Suppose -b*y + g = y. Is y composite?
True
Let o(h) = -216*h**3 - 4*h**2 - 12*h - 3. Is o(-2) a composite number?
False
Suppose -l - 1 = -2. Let z = 69 - 45. Is z - (-1 + 0/l) prime?
False
Let s(i) = i**3 - 8*i**2 + 8*i + 8. Let d be s(7). Let n be 22*((-1)/1 - -2). Let h = n + d. Is h a composite number?
False
Let k(g) = -1760*g - 3. Let m(z) = -z**2 + 14*z - 14. Let w be m(13). Is k(w) composite?
True
Suppose -8*v + 13270 = 2*v. Is v composite?
False
Let x = 456 - -229. Is x composite?
True
Let f be 12 - ((-1)/(-1) - 3). Let s = f - -65. Is s a prime number?
True
Let m(i) = -33*i. Let g(x) = x + 3. Let k be g(-5). Let a be m(k). Suppose a + 29 = 5*u. Is u a prime number?
True
Suppose 1028 = -7*o + 2897. Is o prime?
False
Suppose 5*h - 1946 - 981 = 2*o, 1186 = 2*h + 3*o. Is h prime?
True
Let m = 290 + 19. Let x be 1/2 - 774/(-4). Let y = m - x. Is y a prime number?
False
Let j = 7795 - 3174. Is j composite?
False
Let g = -52 - -215. Is g a composite number?
False
Let o(s) = 1 + 1 + s - 8 - 3*s. Let q be o(-6). Let j(p) = 19*p + 5. Is j(q) prime?
False
Let c = 1901 - -534. Is c a prime number?
False
Suppose -6 = -4*q + 2, 3*u + 5*q - 217 = 0. Let y = u + -38. Is y a composite number?
False
Let v(f) = 3*f**3 - 6*f**2 + 5*f + 3. Is v(4) a composite number?
True
Let z(q) = q**2 + 8. Let g be z(13). Suppose -5*o - g = -4*d, -2*d - o - o = -66. Is d a composite number?
True
Let n(h) be the second derivative of 5*h**3/6 - 5*h**2 + 3*h. Is n(7) a prime number?
False
Suppose -5*u = 6 + 4, 56 = 2*v + 5*u. Is v prime?
False
Let q = 69 - 14. Is q prime?
False
Let w be 9/(-4) + (-9)/12. Let o(p) = 5*p + 3*p**2 - 4*p - p**3 + 4 - 2*p**2. Is o(w) composite?
False
Let w = 7 - 4. Suppose 0 = -4*d + w*h + 1, -3*h = -d + 6*d - 8. Is 355/2 - d/2 a prime number?
False
Let a(z) = -85*z - 1. Let q be 4/14 + (-32)/14. Is a(q) a composite number?
True
Let p(b) = -b**2 - 11*b - 3. Let f be p(-10). Let c be ((-1)/1 + 0)*0. Suppose 8*d - f*d - 89 = c. Is d prime?
True
Suppose 6*f - 151 = 2303. Let t = 608 - f. Is t a prime number?
True
Suppose 3*q - 24 = 6*q. Let u be (-1 - 0)*-1 + q. Is 19/(-4)*(3 + u) a composite number?
False
Let w(j) be the first derivative of -15*j**2 + 7*j + 5. Is w(-10) a prime number?
True
Suppose 2*c + 5*k + 8 = -9, -4 = 4*c + 4*k. Let u(a) = c*a + 3*a - 1 + 0*a + 2*a**2. Is u(6) composite?
False
Suppose 0 = 4*d - 355 - 721. Is d prime?
True
Suppose -377 = -3*f + 4*d, 2*f - 15 - 228 = d. Is f a prime number?
False
Let b = 299 + 614. Is b prime?
False
Suppose 3*z - 3 = 2*z. Suppose 39 = 3*s - z. Is s composite?
True
Let x(m) be the second derivative of 1/2*m**2 + m + 35/12*m**4 + 0 - 1/6*m**3. Is x(1) prime?
False
Let g(y) = 4 + 2 - 3 + 2 + 3*y. Let n be g(8). Let s = 118 - n. Is s a prime number?
True
Let t(g) = -g**2 - 3*g + 5. Let h be t(-5). Let o = 6 - h. Is o a composite number?
False
Let z(n) be the first derivative of -n**3/3 - 9*n**2/2 - 3*n + 4. Is z(-6) a prime number?
False
Suppose -77 = -o - 8*d + 3*d, 0 = 4*o + d - 251. Is o prime?
False
Let r = -278 + 153. Let x = r - -342. Is x prime?
False
Let q = 40 + 195. Is q prime?
False
Suppose -103 = -g + 5*m + 929, -5*g + 5181 = -4*m. Is g prime?
False
Let j(d) = -2*d - 1. Let w be j(-2). Suppose -5*r - 23 = -w*x, -3*x + r = -7 - 0. Is (-19)/(x*1/(-1)) a prime number?
True
Suppose -2*u - 30 = 3*u. Is -3 + (-3 - u) + 21 composite?
True
Suppose -5*l + 188 - 3 = 0. Is l a prime number?
True
Is (-2 - -1)/(3 + 11960/(-3985)) a composite number?
False
Let m(x) = 3 - 2*x + 6*x**2 - 58*x**3 - 4*x**2 + 5*x. Is m(-2) prime?
False
Is (-1 - -3) + 28875/(3 - -4) composite?
False
Let h(f) be the first derivative of -f**4 - f**3/3 - 3*f**2/2 + f + 1. Is h(-3) a composite number?
False
Let u = 91 - 267. Let q = u + 253. Is q a prime number?
False
Suppose -7*j + 3*j + 2828 = 0. Is j a prime number?
False
Let j = -200 + 349. Is j a composite number?
False
Suppose 259*v = 256*v + 174. Is v a composite number?
True
Suppose 5*b - 6*b = 5*m - 1256, -2*m + 4*b = -498. Is m a composite number?
False
Suppose 6*v = 5*m + v - 1875, 4*m = -4*v + 1532. Is m composite?
False
Let u(z) = 3*z**2 - 2*z - 5. Is u(-4) a prime number?
False
Let t(a) = -6*a**3 - 7*a**2 + 5*a - 2. Let n(u) = 2*u**3 + 2*u**2 - 2*u + 1. Let p = 0 - -7. Let x(z) = p*n(z) + 2*t(z). Is x(2) a prime number?
True
Let b(c) be the third derivative of -47*c**4/12 + c**3/6 - 7*c**2. Is b(-1) prime?
False
Suppose -2*k - d - 10 = 0, 0*k - d = k + 7. Is ((-536)/(-12))/(-2)*k a composite number?
False
Let f = 6 - 1. Let b(o) = -1 - 2 + 10*o + 1 - o**2. Is b(f) composite?
False
Let r = 153 - 40. Is r + ((-12)/(-3))/2 prime?
False
Let w be 4/(-6) - (-56)/3. Suppose 7*l - 4*l + 5*d = -14, -3*l + w = -3*d. Suppose l*z - 4*z + 66 = 0. Is z composite?
True
Let b be 2/(-3)*(-27)/6. Let g(o) = 0*o - 2*o**2 + 19 + b*o**2 - o**3 + o. Is g(0) a composite number?
False
Let j(n) = 2*n + 15. Is j(11) a prime number?
True
Let q(m) = -m - 16. Let u be q(-8). Is (-2)/u - (-630)/8 prime?
True
Let z(b) = -39*b - 2. Is z(-1) prime?
True
Suppose -2049 = p - 4*p. Is p composite?
False
Suppose 12 = -4*r, 0*x + 3710 = 5*x - 5*r. Is x prime?
True
Suppose 4*r - s = 299, 3*r + 2*s + 2*s - 248 = 0. Suppose 0 = q + q - r. Is q a prime number?
False
Let i = -1 + 2. Is i*1/2*142 a prime number?
True
Suppose 1 = -3*x - 11. Is (-1222)/(-14) + x/14 a prime number?
False
Let s(x) = -2*x**3 - 2*x**2 - 19*x - 4. Is s(-7) prime?
False
Let g(f) = -f**2 + 7*f + 4. Let y be g(7). Is (-2)/((y/30)/(-1)) composite?
True
Let v(h) = 4*h - 2*h + 470*h**2 - 2 + 2*h - 3*h. Is v(1) a composite number?
True
Let p(j) = -18*j**3 + j + 1. Let w be p(-1). Let c be 4/w - 588/(-27). Let k = 47 - c. Is k a com